 of h.
3, 97
What are the prime factors of ((-85)/(-17) - 618/9)*-48?
2, 191
Let j be 7 + -4 + -1 + 1 + 2. Suppose 3*q - 648 = -j*t + 4*q, 3*t = -4*q + 375. What are the prime factors of t?
3, 43
Suppose 2*d - 618 = -4*d. Suppose 0 = 3*h + 9, -2*i = -h + 6*h - d. List the prime factors of i.
59
Suppose 364*a = 355*a + 17487. List the prime factors of a.
29, 67
Let a(j) be the third derivative of 3*j**4/8 - 2*j**3/3 + 12*j**2. List the prime factors of a(5).
41
Let p = -156 + 298. Suppose -118 = -5*u + p. List the prime factors of u.
2, 13
Let a(w) = 5*w**2 + 3. Let l be a(2). Let s = -21 + l. What are the prime factors of s?
2
Let k(f) = f**2 + 19*f + 4. Let z be k(-19). Suppose -z*o - 97 = -877. List the prime factors of o.
3, 5, 13
Let w = 83 + -79. Suppose -w*i + 347 = -129. List the prime factors of i.
7, 17
Let m(f) = -3 + 5 + 0 + 11*f. What are the prime factors of m(3)?
5, 7
Suppose -5*l - 3*h = -6*h - 3, 2*h = -3*l - 2. Suppose -5*f + 15 - 5 = l. Suppose -3*a + 5*r = -76, 0 = 5*a - f*r - 151 + 18. List the prime factors of a.
3
Let h = 172 - 73. Suppose 0 = -5*p + h + 101. List the prime factors of p.
2, 5
Suppose 4*z - 2*q = z + 15075, -2*z + 4*q + 10042 = 0. What are the prime factors of z?
11, 457
Suppose 5*l + 1195 = 10*l. List the prime factors of l.
239
Let l(j) = -5*j + 2. Let d be l(-2). Let z(b) = b**3 - 12*b**2 + 18*b - 16. Let u be z(d). Suppose -g + 5*g = u. List the prime factors of g.
2, 5
Let o(m) = -m**3 - 15*m**2 + 2*m + 34. Let y be o(-15). Suppose 3*t + 46 = 2*p, y*p + 5*t = 2*p + 62. List the prime factors of p.
2, 13
Let w(d) = 2*d**3 - d - 6. Let k be w(3). What are the prime factors of (-60)/k + 380/6?
2, 31
Let l be (-2 + 6 + -5)*-4. Suppose -3*i + 12 = 4*p, -5*i + l = -3*p - 16. Suppose 0 = -3*d + 8*d - z - 209, p = 3*z - 3. What are the prime factors of d?
2, 3, 7
Let x(m) = 5*m**2 + 24*m - 12. Let t(r) = -r**2 - 6*r + 3. Let j(c) = -9*t(c) - 2*x(c). Let g be j(5). Suppose o - 48 = -g*o. What are the prime factors of o?
2
Let t(m) = -9*m**3 - 22*m**2 - 8*m + 8. What are the prime factors of t(-6)?
2, 151
Suppose -3*d + 6 = -5*s, s = -5*d - 0*s + 10. Suppose -300 = -0*p - 5*p + 5*h, -4*p + d*h = -246. List the prime factors of p.
3, 7
Suppose 4*l + 3*n = -0*n + 465, -385 = -3*l + 5*n. Let f = -9 + l. What are the prime factors of f?
3, 37
Suppose c + 320 - 761 = 0. List the prime factors of c.
3, 7
Let n = -745 + 467. Let j = -105 - n. What are the prime factors of j?
173
What are the prime factors of (-3 + 22)/(5/((-325)/(-5)))?
13, 19
Suppose 5 = -5*c, 3*s + 13*c - 1520 = 12*c. List the prime factors of s.
3, 13
Let t = -6185 - -8764. List the prime factors of t.
2579
Suppose -2*a + 5*h + 1334 = 0, a + 4*h - 397 - 257 = 0. What are the prime factors of a?
2, 331
Let w(r) = -r**2 + 1. Let t(u) = u**2 + 4*u - 1. Let i(o) = t(o) + 4*w(o). Let j(z) be the first derivative of i(z). List the prime factors of j(-3).
2, 11
Let l be ((-6)/5)/((-4)/10). Let n(y) = -l + 1 + 5*y - y**2 + 2*y. What are the prime factors of n(6)?
2
Let b = -50 - -55. Suppose 2*f + 3*f + b*h = 930, h = 4*f - 729. List the prime factors of f.
3, 61
Let a(s) = -s**3 + 6*s**2 - 6*s + 2. Let v be a(5). Let x(w) = 479*w + 1. Let y be x(v). What are the prime factors of (-4)/(-24) - y/24?
2, 3, 5
Let w(i) = -8*i + 3. Let g = -4 - 26. Let p be (g/40)/(1/4). What are the prime factors of w(p)?
3
Let o(g) = g**3 - g**2 + 11*g - 25. What are the prime factors of o(6)?
13, 17
Suppose 811 = 6*a - 389. Suppose -2*r + 4*l + 50 = 0, 5*r = -8*l + 3*l + a. List the prime factors of r.
5, 7
Let n = -21 - -57. List the prime factors of (-2708)/(-36) + (-8)/n.
3, 5
Let i(x) = 3*x - 64. Let a be i(22). What are the prime factors of (-30)/((a/(-20))/(16/15))?
2, 5
Suppose -8*r = -125 - 275. What are the prime factors of r?
2, 5
Let y(x) = -x**2 - x**3 + 5*x**3 + x + 5*x**3. Let a = 16 + -15. List the prime factors of y(a).
3
Suppose -5*g = -102 - 13. Suppose -2*w + g = -n, 1 - 5 = -4*n. What are the prime factors of w/(9/(-6) + 3)?
2
Let i(d) = d**2 + 46. Let u(o) = o**2 + 2*o + 4. Let p be u(0). Suppose p = -f + c, 4*f + 5*c + 0*c = 20. What are the prime factors of i(f)?
2, 23
Let n(f) = 6*f + 8. Let l(z) = -z - 3. Let q be l(-8). What are the prime factors of n(q)?
2, 19
Suppose v - 101 = 2*s - 6*s, 4*v + 2*s = 362. Let u = -216 + v. Let q = -64 - u. What are the prime factors of q?
3, 7
What are the prime factors of 3 + 155/(-55) + 15801/33?
479
Let l(c) = -106*c + 3. Let o be l(-2). Suppose -53 = -4*x + o. Let k = x - 42. What are the prime factors of k?
5
Suppose z + 0*z - 10 = 0. Suppose 9*y + 59 = z*y. What are the prime factors of y?
59
Let w be 6 - (7 + -4)*1. Suppose -2*z + 5*c = -168, 2*c - 128 = -2*z - w*c. What are the prime factors of z?
2, 37
Let w(b) = 20*b**2. Let s be w(-3). Let c = -82 + s. List the prime factors of c.
2, 7
Suppose 9*h = 6*h - 6. What are the prime factors of (35/2)/((-3)/h - 1)?
5, 7
Let h be ((-6)/18)/(2/6). Let i be 1 + (4 - 26/h). Let x = i - 17. List the prime factors of x.
2, 7
Let l = 693 - -446. List the prime factors of l.
17, 67
Let y(r) = -259*r - 3. List the prime factors of y(-1).
2
Let y(a) = 90*a**2 - 3*a + 7. What are the prime factors of y(3)?
2, 101
Suppose -6*a + 53 = -k - a, -4*k + 3*a - 229 = 0. Let t = 81 + k. Suppose -t*d = -26*d + 66. What are the prime factors of d?
2, 11
Let o be -76*4/(-4)*1. Let t = 182 - o. List the prime factors of 8/44 + t/22.
5
Suppose 0 = 2*r - 6*r. Suppose 0 = -2*l - 9*w + 4*w - 21, r = -4*l + 5*w + 33. Suppose -2*o - l + 62 = 0. What are the prime factors of o?
2, 3, 5
Let h(n) = n**2 + 7*n + 15. Let w be h(-6). Let m(l) = -2*l**2 + 18*l. Let o be m(w). Suppose -3*g = o, 3*c + 4*g + 80 = 5*c. List the prime factors of c.
2, 5
Suppose -2*q + 5*q + 4*m + 2546 = 0, 0 = -5*q - 3*m - 4258. What are the prime factors of ((q/(-4))/7)/(3/6)?
61
Let g be 195 + 3 + (2 - 2) + 4. Suppose -3*k + 68 + 211 = 4*o, -5*k - g = -3*o. List the prime factors of o.
3, 23
Let m = 21 - 19. Let r(u) = -5*u - 1 + 7*u**2 - 10*u**2 + 5*u**m. List the prime factors of r(4).
11
Let r = 100 + 145. Let p = -174 + r. Suppose 4*d - 3*y - p = 0, -5*y + 15 = 5*d - 30. What are the prime factors of d?
2, 7
Let k(t) = 40*t + 2*t - 6*t. What are the prime factors of k(2)?
2, 3
Suppose 127 = 5*j + 2*v, j + 2*v = v + 26. Suppose w = 2*w + j. Let g = 64 + w. What are the prime factors of g?
3, 13
Let t(y) = -17*y**3 - 4*y**2 - 9*y - 7. Let v be t(-3). Suppose -2*q + j + v = 0, 0*q + 4*j = -5*q + 1127. What are the prime factors of q?
223
Let z = -28 + 27. Let v be (-8)/16 - z/(-2). List the prime factors of ((-1)/(-2) - v)*44.
2, 3, 11
Let w(h) = h**3 - h**2 - 3*h + 3. Let b be w(2). Let c be 12/4 + (-2 - b). Suppose -3*x + 5*x - 28 = c. List the prime factors of x.
2, 7
Let s(w) be the second derivative of -20*w**3/3 + w**2/2 - 16*w. What are the prime factors of s(-1)?
41
Let o be 1 - (-1)/((-4)/(-8)). Suppose 8 = -j + o*j. What are the prime factors of (4 + 1)/(1/j)?
2, 5
Let l(z) = -7*z - 23. Let t be l(-3). List the prime factors of 162 - (2 - (-3 - t - -2)).
7, 23
Suppose -669*a + 2868 = -665*a. List the prime factors of a.
3, 239
Suppose -4*u + 4*c = 2*c - 10, 3*u = 2*c + 7. Suppose -4*o + 3*f = -311, -78 = -o + u*f + 11. Suppose 3*h - 5*h + o = 0. What are the prime factors of h?
37
Suppose 4*f = -3*j + 91, 4*f + 114 = 4*j - 26. Let p = -16 + j. Suppose -x = o - 0*o - p, -5*o - 2*x = -94. List the prime factors of o.
2, 5
Let u(a) = -a**2 + 7*a - 8. Let x be u(4). Suppose 1 = -x*c + 9. Suppose c*i - 3*i = -g - 7, -5*i + 17 = 4*g. List the prime factors of i.
5
Let u be 3/(-12) - (-246)/(-8). Let p(o) = o**2 - 29*o + 198. Let h be p(8). Let s = h - u. What are the prime factors of s?
61
Suppose -4*x = -6*x + 10. Suppose 0 = x*c - 19 - 171. List the prime factors of c.
2, 19
Let f be (-1041)/(-4) + (-2)/8. Let o be f/(-10)*1/(-2). List the prime factors of 4/(-26) - (-184)/o.
2, 7
Let i(o) = -6 + 15 + 146*o - 149*o + o**2. What are the prime factors of i(6)?
3
List the prime factors of (-6 + 68/12)*-1068.
2, 89
List the prime factors of (990/(-24))/(12/(-128)).
2, 5, 11
Suppose -12*z + 1092 = -6*z. Suppose -275 = -5*x + 4*b, 2*x - b = 5*x - z. What are the prime factors of x?
59
Let n(b) = -5 + b**3 + 7*b